{"id":8,"date":"2012-04-05T11:59:08","date_gmt":"2012-04-05T11:59:08","guid":{"rendered":"http:\/\/rsg.uliko.de\/?page_id=8"},"modified":"2018-05-29T08:37:18","modified_gmt":"2018-05-29T08:37:18","slug":"impressum","status":"publish","type":"page","link":"http:\/\/rsg.uliko.de\/?page_id=8","title":{"rendered":"Impressum"},"content":{"rendered":"<p style=\"text-align: justify;\"><span style=\"font-family: 'Arial';\">In meinem privaten&nbsp;<strong>RSG-Ergebnisdienst<\/strong> sind alle wichtigen Informationen \u00fcber die Wettk\u00e4mpfe zu finden, die ich EDV-technisch begleite. Im Vorfeld ver\u00f6ffentliche ich die Startlisten, die sich allerdings in Abstimmung mit der Wettkampfleitung kurzfristig \u00e4ndern k\u00f6nnen. Unmittelbar nach der Siegerehrung&nbsp; stelle ich die Ergebnislisten ins Netz der Netze. Wenn mir sch\u00f6ne Fotos gelingen garniere ich den &#8222;trockenen Stoff&#8220; mit ein paar Bildern&#8230;<\/span><\/p>\n<p style=\"text-align: right;\"><span style=\"font-family: 'Arial';\"><br \/>\nDipl. Ing. Ulrich Kobabe<br \/>\nBachstra\u00dfe 7<br \/>\n30966 Hemmingen<br \/>\nTelefon: 01577 \/ 7809478<\/span><\/p>\n<p style=\"text-align: right;\">mailto:uli @ kobabe.de<\/p>\n","protected":false},"excerpt":{"rendered":"<p>In meinem privaten&nbsp;RSG-Ergebnisdienst sind alle wichtigen Informationen \u00fcber die Wettk\u00e4mpfe zu finden, die ich EDV-technisch begleite. Im Vorfeld ver\u00f6ffentliche ich die Startlisten, die sich allerdings in Abstimmung mit der Wettkampfleitung&#8230; <a class=\"entry-read-more\" href=\"http:\/\/rsg.uliko.de\/?page_id=8\">(weiterlesen&#8230;) &raquo;<\/a><\/p>\n","protected":false},"author":1,"featured_media":0,"parent":0,"menu_order":0,"comment_status":"closed","ping_status":"closed","template":"","meta":{"ngg_post_thumbnail":0},"_links":{"self":[{"href":"http:\/\/rsg.uliko.de\/index.php?rest_route=\/wp\/v2\/pages\/8"}],"collection":[{"href":"http:\/\/rsg.uliko.de\/index.php?rest_route=\/wp\/v2\/pages"}],"about":[{"href":"http:\/\/rsg.uliko.de\/index.php?rest_route=\/wp\/v2\/types\/page"}],"author":[{"embeddable":true,"href":"http:\/\/rsg.uliko.de\/index.php?rest_route=\/wp\/v2\/users\/1"}],"replies":[{"embeddable":true,"href":"http:\/\/rsg.uliko.de\/index.php?rest_route=%2Fwp%2Fv2%2Fcomments&post=8"}],"version-history":[{"count":22,"href":"http:\/\/rsg.uliko.de\/index.php?rest_route=\/wp\/v2\/pages\/8\/revisions"}],"predecessor-version":[{"id":3450,"href":"http:\/\/rsg.uliko.de\/index.php?rest_route=\/wp\/v2\/pages\/8\/revisions\/3450"}],"wp:attachment":[{"href":"http:\/\/rsg.uliko.de\/index.php?rest_route=%2Fwp%2Fv2%2Fmedia&parent=8"}],"curies":[{"name":"wp","href":"https:\/\/api.w.org\/{rel}","templated":true}]}}